 What is v(-41)?
5
Let p(o) = -o**2 + 10*o + 10. What is p(10)?
10
Let s(h) = -h**2 - h + 11. Give s(0).
11
Let x(g) = g**2 - 16*g + 16. Determine x(15).
1
Let h(q) = 3*q + 2. What is h(5)?
17
Let d(p) = -5*p**2 + 2*p - 2. Determine d(2).
-18
Let z(p) = -p**2 - 39*p + 77. Give z(2).
-5
Let l(a) = -2*a**3 + 8*a**2 + 6*a - 21. Give l(4).
3
Let o(s) = 2*s**2 + 25*s + 11. Calculate o(-11).
-22
Let p(h) = 8*h - 142. Calculate p(17).
-6
Let o(i) = i**2 - 6*i - 15. Give o(8).
1
Let t(v) = v**2 + 10*v + 14. Give t(-10).
14
Let c(u) = u**3 - 6*u**2 + 8*u - 1. What is c(6)?
47
Let x(a) = -a**3 + 5*a**2 - 16*a + 32. Determine x(3).
2
Let x(i) = i**3 + 7*i**2 + 2*i + 2. Determine x(-7).
-12
Let t(l) = 5*l - 12. Give t(0).
-12
Let y(u) = -u - 2. Calculate y(-3).
1
Let z(h) = -2*h + 11. Give z(4).
3
Let x(r) = 2*r**2 - 24*r + 52. Determine x(9).
-2
Let x(m) = 2*m**3 - 23*m**2 - 9*m - 10. Determine x(12).
26
Let p(s) = s**2 + 9*s - 14. Calculate p(-10).
-4
Let m(c) = -c**2 - 12*c + 93. Calculate m(-17).
8
Let d(v) = v**3 - 9*v**2 + 2*v + 4. Give d(9).
22
Let m(p) = p**2 - 9*p + 13. Give m(8).
5
Let l(q) = q**3 + 7*q**2 - 11*q + 7. Calculate l(-8).
31
Let j(l) = -9*l. What is j(0)?
0
Let s(v) = v**2 - 16*v - 8. What is s(0)?
-8
Let g(h) = 2*h + 26. Determine g(-11).
4
Let q(a) = a**2 + 2*a - 43. Calculate q(0).
-43
Let u(f) = 14*f + 1. Give u(-2).
-27
Let w(l) = 4*l + 21. Determine w(-5).
1
Let v(q) = -q**2 + 18*q - 33. What is v(17)?
-16
Let w(h) = 55*h + 386. Determine w(-7).
1
Let r(b) = 7*b + 2. What is r(5)?
37
Let d(t) = t**3 - 24*t**2 - t + 19. Give d(24).
-5
Let n(s) = -s**3 + 20*s**2 + 22*s - 26. What is n(21)?
-5
Let p(a) = 9*a - 219. Calculate p(24).
-3
Let x(w) = w**3 + 5*w**2 - 3*w - 6. What is x(-5)?
9
Let x(h) = h**2 - 5*h - 2. Calculate x(6).
4
Let x(z) = -22*z - 10. Determine x(-3).
56
Let x(d) = d**2 + 59*d + 207. What is x(-55)?
-13
Let v(f) = 10*f + 43. Calculate v(7).
113
Let i(v) = -v**2 - 7*v + 3. Calculate i(-7).
3
Let t(c) = -c**3 + 6*c**2 + 9*c + 2. Determine t(7).
16
Let v(u) = -5*u + 8. What is v(0)?
8
Let m(i) = 3*i**3 - 2*i**2 - i. Calculate m(2).
14
Let u(o) = -10*o**3 - 4*o**2 - 2*o + 3. What is u(2)?
-97
Let t(g) = -g**2 + 5*g + 51. Calculate t(11).
-15
Let c(g) = -7*g + 30. Give c(2).
16
Let d(t) = t**2 + 29*t + 78. Calculate d(-26).
0
Let a(x) = -x**2 - 30*x - 177. What is a(-20)?
23
Let f(j) = -j + 3. Determine f(7).
-4
Let c(g) = -14*g**2 - 4*g + 2. What is c(2)?
-62
Let a(j) = -2*j + 57. Determine a(13).
31
Let m(w) = -5*w**2 - 2*w + 2. What is m(1)?
-5
Let y(j) = -3*j**2 - 73*j - 12. What is y(-23)?
80
Let c(x) = -x**3 + 8*x**2 - 2*x + 20. What is c(8)?
4
Let v(m) = m**3 - 5*m**2 + 6*m - 7. Determine v(6).
65
Let d(i) = -i**3 + 5*i**2 + 10*i - 6. Calculate d(7).
-34
Let b(w) = -2*w**3 + w**2 + 2. Determine b(0).
2
Let q(j) = -3*j**3 - 2*j**2 + 2*j + 2. Give q(-2).
14
Let o(s) = -55*s**3 + 4*s - 2. Give o(1).
-53
Let u(i) = i**3 - 3*i + 3. Determine u(3).
21
Let p(h) = 2*h**3 + 12*h**2 - 11. Calculate p(-6).
-11
Let f(o) = o**3 - 14*o**2 - 32*o - 2. Give f(16).
-2
Let z(v) = -4*v + 12. Determine z(-3).
24
Let r(a) = 3*a - 2. Determine r(12).
34
Let v(d) = 5*d + 20. Determine v(-6).
-10
Let v(k) = k**3 + 12*k**2 + 7*k - 47. Give v(-11).
-3
Let z(h) = -h**3 - 12*h**2 + 11*h + 14. Determine z(-13).
40
Let d(c) = -c**2 - 10*c - 26. Give d(-4).
-2
Let p(z) = 4*z - 2. Give p(2).
6
Let a(g) = -13*g + 70. Give a(4).
18
Let m(l) = -7*l - 21. Calculate m(-11).
56
Let n(j) = 4*j - 13. Determine n(4).
3
Let m(x) = -41*x + 3. Calculate m(1).
-38
Let q(h) = -h**3 - 7*h**2 + h + 6. Determine q(-7).
-1
Let v(k) = 7*k - 1. Determine v(-1).
-8
Let a(g) = -g**3 - 8*g**2 + 32*g - 7. What is a(-11)?
4
Let b(j) = 2*j + 35. Calculate b(-20).
-5
Let n(k) = -7*k + 116. Give n(16).
4
Let x(j) = 6*j + 58. Give x(-11).
-8
Let y(x) = -x**2 + 12*x - 16. What is y(11)?
-5
Let u(l) = 38*l - 722. Give u(19).
0
Let w(s) = -3*s + 19. What is w(9)?
-8
Let p(c) = -c**2 - 3*c + 10. Calculate p(-6).
-8
Let n(m) = m**2 + 2. Calculate n(-3).
11
Let z(r) = r**3 + 10*r**2 - 18*r + 34. Give z(-12).
-38
Let z(x) = 4*x + 182. What is z(-47)?
-6
Let v(i) = i**3 - 3*i**2 - 11*i + 10. Determine v(4).
-18
Let g(n) = n**2 - 10*n + 5. Determine g(10).
5
Let n(u) = u**3 + 33*u**2 + 2*u + 63. Determine n(-33).
-3
Let c(l) = -l**3 + 9*l**2 + 12*l - 5. What is c(10)?
15
Let v(s) = s**3 + 15*s**2 - 17*s - 24. Calculate v(-16).
-8
Let u(h) = -4*h - 35. Calculate u(-12).
13
Let l(y) = 2*y - 15. Determine l(8).
1
Let n(c) = 7*c + 116. Give n(-18).
-10
Let f(p) = 44*p - 3. What is f(-2)?
-91
Let z(a) = 14*a - 988. What is z(71)?
6
Let s(w) = 4*w - 86. What is s(21)?
-2
Let t(w) = 27*w**2 + 1. Give t(-1).
28
Let j(z) = -z**3 - 5*z**2 + z - 7. Determine j(-5).
-12
Let k(v) = -v**2 - 5*v + 3. Determine k(-5).
3
Let v(t) = 2*t**2 + 6*t - 5. Calculate v(-5).
15
Let r(s) = -4*s**2 + 2*s + 1. Calculate r(-1).
-5
Let n(u) = -2*u**2 - 15*u. Give n(-9).
-27
Let b(i) = -12*i**3 - 4*i**2 + i + 3. Calculate b(2).
-107
Let l(j) = -j**3 + 34*j**2 + 114*j - 84. Give l(37).
27
Let z(t) = -7*t + 77. Give z(12).
-7
Let m(h) = -2*h**2 + 25. Determine m(3).
7
Let r(x) = -x**3 - 9*x**2 - 6*x + 10. Calculate r(-8).
-6
Let b(y) = -18*y + 11. Give b(3).
-43
Let z(l) = -l + 4. What is z(10)?
-6
Let b(g) = -g**3 + 6*g**2 - 5*g + 80. What is b(6)?
50
Let n(u) = -u**3 - 8*u**2 - 9*u - 5. Calculate n(-7).
9
Let w(d) = 7*d**2 - 2*d - 10. What is w(-3)?
59
Let h(a) = a**3 - 11*a**2 + 24*a - 20. What is h(6)?
-56
Let d(f) = 3*f - 92. Determine d(29).
-5
Let t(n) = -n**2 - 7*n + 2. Calculate t(-9).
-16
Let a(j) = -j**2 + 5. What is a(0)?
5
Let k(b) = b**2 - 9*b + 4. Determine k(8).
-4
Let z(p) = 2*p**2 + 7*p - 6. What is z(-6)?
24
Let p(a) = -10*a**3 - 2*a**2 + 6*a - 4. Give p(1).
-10
Let y(r) = -6*r + 10. What is y(2)?
-2
Let o(p) = p**2 + 2*p + 2. Calculate o(-10).
82
Let d(i) = -i**2 - 10*i + 13. Give d(2).
-11
Let p(m) = -m**3 - 12*m**2 - 37*m - 11. Give p(-5).
-1
Let d(s) = s**3 + s + 1. Give d(-3).
-29
Let v(j) = -10*j + 65. Determine v(7).
-5
Let t(i) = 39*i - 462. Calculate t(12).
6
Let g(s) = 2*s**2 + s + 9. What is g(0)?
9
Let i(g) = 3*g - 39. Calculate i(13).
0
Let l(u) = u**2 - 8*u - 7. Calculate l(8).
-7
Let h(x) = 3*x - 82. Give h(26).
-4
Let x(n) = -3*n**3 + 11*n**2 - 25*n + 7. What is x(4)?
-109
Let r(s) = 2*s + 52. Give r(-17).
18
Let k(f) = 9*f - 49. What is k(8)?
23
Let b(o) = 15*o**2 - o - 2. What is b(-1)?
14
Let c(w) = w**2 - 18*w - 6. Determine c(16).
-38
Let h(q) = q**2 - 8*q + 14. What is h(7)?
7
Let s(c) = -c**2 + 9*c - 3. What is s(6)?
15
Let v(o) = -o**3 + 9*o**2 - 2*o - 13. Give v(9).
-31
Let n(p) = -p**2 - 21*p - 6. Give n(-21).
-6
Let y(j) = 4*j + 12. Calculate y(-12).
-36
Let u(n) = -n**2 - 10*n - 13. Determine u(-8).
3
Let f(c) = -c**2 + 2*c + 10. Calculate f(6).
-14
Let f(l) = l**2 + l - 29. Calculate f(0).
-29
Let d(l) = -2*l + 7. Determine d(-6).
19
Let l(n) = n**2 - 18*n - 15. Give l(6).
-87
Let y(h) = 4*h**2 - 85*h + 26. Determine y(21).
5
Let r(g) = 7*g**2 + 2*g - 2. Give r(2).
30
Let y(b) = -b - 15. Determine y(-8).
-7
Let j(n) = n**3 + 10*n**2 + 7*n - 13. Determine j(-9).
5
Let q(k) = -6*k - 54. Give q(-8).
-6
Let x(q) = -4*q + 20. Give x(5).
0
Let z(k) = -28*k + 10. What is z(0)?
10
Let n(a) = 4*a + 79. Determine n(-19).
3
Let p(k) = 14*k + 7. What is p(-2)?
-21
Let a(b) = 7*b**3 + 6*b**2 + b - 4. What is a(-3)?
-142
Let g(k) = 8*k - 11. Determine g(6).
37
Let y(o) = 34*o + 375. Determine y(-11).
1
Let a(f) = f**3 - 16*f**2 + 20*f - 39. What is a(15)?
36
Let r(o) = 3*o**3 - 36*o**2 - 5. What is r(12)?
-5
Let w(f) = f**3 + 2*f**2 + f + 4. Give w(-3).
-8
Let k(z) = z + 5. Determine k(-6).
-1
Let w(j) = -8*j - 199. What is w(-27)?
17
Let x(r) = 25*r + 82. Calculate x(-4).
-18
Let h(k) = 2*k**3 - 28*k**2 - 3*k + 27. Give h(14).
-15
Let k(s) = s**3 + 9*s**2 + 4*s - 38. What is k(-7)?
32
Let h(z) = -z**3 + 27*z**2 + 57*z + 9. Calculate h(29).
-20
Let p(s) = s**3 + 9*s**2 - 11*s + 21. Determine p(-9).
120
Let l(v) = -3*v + 2. What is l(7)?
-19
Let w(g) = 4*g - 53. Give w(20).
27
Let s(g) = 10*g + 86. Give s(-8).
6
Let c(r) = 4*r + 26. Calculate c(-6).
2
Let h(r) = 10*r**2 + 2*r + 2. Calculate h(-1).
10
Let u(l) = 17*l + 7. What is u(-2)?
-27
Let x(b) = -2*b - 1. Determine x(6